{"id":12,"date":"2021-10-06T22:18:52","date_gmt":"2021-10-06T22:18:52","guid":{"rendered":"http:\/\/localhost\/ferplace\/?page_id=12"},"modified":"2021-11-26T00:08:56","modified_gmt":"2021-11-26T00:08:56","slug":"programacion","status":"publish","type":"page","link":"https:\/\/fersite.net\/index.php\/programacion\/","title":{"rendered":"Programaci\u00f3n"},"content":{"rendered":"\n<p>Uno de mis hobbies entre los muchos que tengo, en esta secci\u00f3n estar\u00e1n alojados mis proyectos de programaci\u00f3n as\u00ed como algunos tutoriales que tengo planeado hacer con el tiempo.<\/p>\n","protected":false},"excerpt":{"rendered":"<p>Uno de mis hobbies entre los muchos que tengo, en esta secci\u00f3n estar\u00e1n alojados mis proyectos de programaci\u00f3n as\u00ed como algunos tutoriales que tengo planeado hacer con el tiempo.<\/p>\n","protected":false},"author":1,"featured_media":54,"parent":0,"menu_order":0,"comment_status":"closed","ping_status":"closed","template":"","meta":{"footnotes":""},"_links":{"self":[{"href":"https:\/\/fersite.net\/index.php\/wp-json\/wp\/v2\/pages\/12"}],"collection":[{"href":"https:\/\/fersite.net\/index.php\/wp-json\/wp\/v2\/pages"}],"about":[{"href":"https:\/\/fersite.net\/index.php\/wp-json\/wp\/v2\/types\/page"}],"author":[{"embeddable":true,"href":"https:\/\/fersite.net\/index.php\/wp-json\/wp\/v2\/users\/1"}],"replies":[{"embeddable":true,"href":"https:\/\/fersite.net\/index.php\/wp-json\/wp\/v2\/comments?post=12"}],"version-history":[{"count":2,"href":"https:\/\/fersite.net\/index.php\/wp-json\/wp\/v2\/pages\/12\/revisions"}],"predecessor-version":[{"id":68,"href":"https:\/\/fersite.net\/index.php\/wp-json\/wp\/v2\/pages\/12\/revisions\/68"}],"wp:featuredmedia":[{"embeddable":true,"href":"https:\/\/fersite.net\/index.php\/wp-json\/wp\/v2\/media\/54"}],"wp:attachment":[{"href":"https:\/\/fersite.net\/index.php\/wp-json\/wp\/v2\/media?parent=12"}],"curies":[{"name":"wp","href":"https:\/\/api.w.org\/{rel}","templated":true}]}}