{"id":14,"date":"2021-10-06T22:19:43","date_gmt":"2021-10-06T22:19:43","guid":{"rendered":"http:\/\/localhost\/ferplace\/?page_id=14"},"modified":"2021-11-26T00:06:07","modified_gmt":"2021-11-26T00:06:07","slug":"musica","status":"publish","type":"page","link":"https:\/\/fersite.net\/index.php\/musica\/","title":{"rendered":"M\u00fasica"},"content":{"rendered":"\n<p>Debido a lo creativo que soy, he creado algunas piezas musicales, y proyectos que tienen que ver con la m\u00fasica en general. En esta secci\u00f3n publicar\u00e9 dichos proyectos y hablar\u00e9 sobre el software que uso para realizar dichos trabajos.<\/p>\n","protected":false},"excerpt":{"rendered":"<p>Debido a lo creativo que soy, he creado algunas piezas musicales, y proyectos que tienen que ver con la m\u00fasica en general. En esta secci\u00f3n publicar\u00e9 dichos proyectos y hablar\u00e9 sobre el software que uso para realizar dichos trabajos.<\/p>\n","protected":false},"author":1,"featured_media":53,"parent":0,"menu_order":0,"comment_status":"closed","ping_status":"closed","template":"","meta":{"footnotes":""},"_links":{"self":[{"href":"https:\/\/fersite.net\/index.php\/wp-json\/wp\/v2\/pages\/14"}],"collection":[{"href":"https:\/\/fersite.net\/index.php\/wp-json\/wp\/v2\/pages"}],"about":[{"href":"https:\/\/fersite.net\/index.php\/wp-json\/wp\/v2\/types\/page"}],"author":[{"embeddable":true,"href":"https:\/\/fersite.net\/index.php\/wp-json\/wp\/v2\/users\/1"}],"replies":[{"embeddable":true,"href":"https:\/\/fersite.net\/index.php\/wp-json\/wp\/v2\/comments?post=14"}],"version-history":[{"count":3,"href":"https:\/\/fersite.net\/index.php\/wp-json\/wp\/v2\/pages\/14\/revisions"}],"predecessor-version":[{"id":102,"href":"https:\/\/fersite.net\/index.php\/wp-json\/wp\/v2\/pages\/14\/revisions\/102"}],"wp:featuredmedia":[{"embeddable":true,"href":"https:\/\/fersite.net\/index.php\/wp-json\/wp\/v2\/media\/53"}],"wp:attachment":[{"href":"https:\/\/fersite.net\/index.php\/wp-json\/wp\/v2\/media?parent=14"}],"curies":[{"name":"wp","href":"https:\/\/api.w.org\/{rel}","templated":true}]}}