{"id":45,"date":"2021-11-09T22:33:01","date_gmt":"2021-11-09T22:33:01","guid":{"rendered":"http:\/\/localhost\/ferplace\/?page_id=45"},"modified":"2021-11-25T22:25:07","modified_gmt":"2021-11-25T22:25:07","slug":"diseno-2d","status":"publish","type":"page","link":"https:\/\/fersite.net\/index.php\/diseno-2d\/","title":{"rendered":"Dise\u00f1o 2D"},"content":{"rendered":"\n<p>En realidad no hago mucho &#8220;dise\u00f1o 2D&#8221; fuera de hacer algunos montajes o im\u00e1genes simples para paginas y proyectos personales, as\u00ed que en esta secci\u00f3n estar\u00e1n alojados m\u00e1s que nada tutoriales sobre como trabajar con programas para el trabajo de &#8220;dise\u00f1o 2D&#8221; open source, ya que trabajo con estos por el tema de las licencias.<\/p>\n","protected":false},"excerpt":{"rendered":"<p>En realidad no hago mucho &#8220;dise\u00f1o 2D&#8221; fuera de hacer algunos montajes o im\u00e1genes simples para paginas y proyectos personales, as\u00ed que en esta secci\u00f3n estar\u00e1n alojados m\u00e1s que nada tutoriales sobre como trabajar con programas para el trabajo de &#8220;dise\u00f1o 2D&#8221; open source, ya que trabajo con estos por el tema de las licencias.<\/p>\n","protected":false},"author":1,"featured_media":49,"parent":0,"menu_order":0,"comment_status":"closed","ping_status":"closed","template":"","meta":{"footnotes":""},"_links":{"self":[{"href":"https:\/\/fersite.net\/index.php\/wp-json\/wp\/v2\/pages\/45"}],"collection":[{"href":"https:\/\/fersite.net\/index.php\/wp-json\/wp\/v2\/pages"}],"about":[{"href":"https:\/\/fersite.net\/index.php\/wp-json\/wp\/v2\/types\/page"}],"author":[{"embeddable":true,"href":"https:\/\/fersite.net\/index.php\/wp-json\/wp\/v2\/users\/1"}],"replies":[{"embeddable":true,"href":"https:\/\/fersite.net\/index.php\/wp-json\/wp\/v2\/comments?post=45"}],"version-history":[{"count":2,"href":"https:\/\/fersite.net\/index.php\/wp-json\/wp\/v2\/pages\/45\/revisions"}],"predecessor-version":[{"id":58,"href":"https:\/\/fersite.net\/index.php\/wp-json\/wp\/v2\/pages\/45\/revisions\/58"}],"wp:featuredmedia":[{"embeddable":true,"href":"https:\/\/fersite.net\/index.php\/wp-json\/wp\/v2\/media\/49"}],"wp:attachment":[{"href":"https:\/\/fersite.net\/index.php\/wp-json\/wp\/v2\/media?parent=45"}],"curies":[{"name":"wp","href":"https:\/\/api.w.org\/{rel}","templated":true}]}}