{"id":8,"date":"2021-10-06T22:17:41","date_gmt":"2021-10-06T22:17:41","guid":{"rendered":"http:\/\/localhost\/ferplace\/?page_id=8"},"modified":"2021-11-26T00:04:26","modified_gmt":"2021-11-26T00:04:26","slug":"logistica","status":"publish","type":"page","link":"https:\/\/fersite.net\/index.php\/logistica\/","title":{"rendered":"Log\u00edstica\/Administraci\u00f3n"},"content":{"rendered":"\n<p>Aqu\u00ed hablar\u00e9 sobre temas de las carreras que he estudiado, publicar\u00e9 algunos tutoriales, mi experiencia dentro de este mundo, entre otras cosas.<\/p>\n","protected":false},"excerpt":{"rendered":"<p>Aqu\u00ed hablar\u00e9 sobre temas de las carreras que he estudiado, publicar\u00e9 algunos tutoriales, mi experiencia dentro de este mundo, entre otras cosas.<\/p>\n","protected":false},"author":1,"featured_media":52,"parent":0,"menu_order":0,"comment_status":"closed","ping_status":"closed","template":"","meta":{"footnotes":""},"_links":{"self":[{"href":"https:\/\/fersite.net\/index.php\/wp-json\/wp\/v2\/pages\/8"}],"collection":[{"href":"https:\/\/fersite.net\/index.php\/wp-json\/wp\/v2\/pages"}],"about":[{"href":"https:\/\/fersite.net\/index.php\/wp-json\/wp\/v2\/types\/page"}],"author":[{"embeddable":true,"href":"https:\/\/fersite.net\/index.php\/wp-json\/wp\/v2\/users\/1"}],"replies":[{"embeddable":true,"href":"https:\/\/fersite.net\/index.php\/wp-json\/wp\/v2\/comments?post=8"}],"version-history":[{"count":3,"href":"https:\/\/fersite.net\/index.php\/wp-json\/wp\/v2\/pages\/8\/revisions"}],"predecessor-version":[{"id":64,"href":"https:\/\/fersite.net\/index.php\/wp-json\/wp\/v2\/pages\/8\/revisions\/64"}],"wp:featuredmedia":[{"embeddable":true,"href":"https:\/\/fersite.net\/index.php\/wp-json\/wp\/v2\/media\/52"}],"wp:attachment":[{"href":"https:\/\/fersite.net\/index.php\/wp-json\/wp\/v2\/media?parent=8"}],"curies":[{"name":"wp","href":"https:\/\/api.w.org\/{rel}","templated":true}]}}